is divided by 75158.
421
What is the remainder when 58530 is divided by 394?
218
Calculate the remainder when 864443 is divided by 432162.
119
Calculate the remainder when 95036894 is divided by 2740.
2734
What is the remainder when 345185 is divided by 167?
163
Calculate the remainder when 6621181 is divided by 78.
73
What is the remainder when 99671762 is divided by 269?
268
What is the remainder when 4964 is divided by 1045?
784
What is the remainder when 1092569 is divided by 363708?
1445
Calculate the remainder when 433527 is divided by 39409.
28
Calculate the remainder when 21861767 is divided by 7287252.
11
What is the remainder when 965974 is divided by 98?
86
Calculate the remainder when 216248715 is divided by 51.
45
Calculate the remainder when 5190070 is divided by 6.
4
What is the remainder when 546874478 is divided by 451?
447
Calculate the remainder when 2446564 is divided by 54368.
4
Calculate the remainder when 5887979 is divided by 452916.
71
Calculate the remainder when 4250 is divided by 1933.
384
What is the remainder when 554116 is divided by 48?
4
What is the remainder when 2123875 is divided by 146?
13
What is the remainder when 53803 is divided by 522?
37
Calculate the remainder when 26733 is divided by 19156.
7577
What is the remainder when 4454600 is divided by 45?
5
What is the remainder when 2334068 is divided by 70?
58
What is the remainder when 414666 is divided by 46074?
0
What is the remainder when 681453 is divided by 52409?
136
What is the remainder when 813935 is divided by 414?
11
What is the remainder when 2341947 is divided by 26?
23
Calculate the remainder when 6043030 is divided by 8405.
8240
Calculate the remainder when 278480 is divided by 6675.
4805
What is the remainder when 3916723 is divided by 326365?
343
Calculate the remainder when 55296 is divided by 427.
213
Calculate the remainder when 60840930 is divided by 23.
19
Calculate the remainder when 14071656 is divided by 371.
368
Calculate the remainder when 30790545 is divided by 13.
6
Calculate the remainder when 41760849 is divided by 10440204.
33
What is the remainder when 115742 is divided by 38479?
305
What is the remainder when 1012970 is divided by 13135?
1575
What is the remainder when 1128713 is divided by 31?
3
What is the remainder when 1024945017 is divided by 25?
17
Calculate the remainder when 3953151 is divided by 2736.
2367
Calculate the remainder when 194271745 is divided by 74.
63
What is the remainder when 3719640 is divided by 52389?
21
Calculate the remainder when 1485681 is divided by 4.
1
What is the remainder when 3197372 is divided by 224?
220
What is the remainder when 5800023 is divided by 2899970?
83
Calculate the remainder when 2256198 is divided by 564000.
198
Calculate the remainder when 159739 is divided by 7252.
195
What is the remainder when 15742199 is divided by 3786?
11
Calculate the remainder when 18004426 is divided by 1054.
1052
Calculate the remainder when 15128175 is divided by 5042720.
15
What is the remainder when 160673772 is divided by 899?
896
What is the remainder when 324257 is divided by 8996?
401
Calculate the remainder when 184150 is divided by 92047.
56
What is the remainder when 3934729 is divided by 302670?
19
Calculate the remainder when 4148639 is divided by 829720.
39
What is the remainder when 39436 is divided by 4373?
79
Calculate the remainder when 623853 is divided by 979.
230
What is the remainder when 6188 is divided by 2348?
1492
Calculate the remainder when 112568319 is divided by 35.
24
Calculate the remainder when 330454691 is divided by 82613668.
19
What is the remainder when 11618 is divided by 2349?
2222
Calculate the remainder when 170318 is divided by 549.
128
Calculate the remainder when 4255619 is divided by 103.
71
What is the remainder when 8810812 is divided by 23?
18
What is the remainder when 4261645 is divided by 2130803?
39
Calculate the remainder when 8301378 is divided by 286.
228
What is the remainder when 64897 is divided by 478?
367
What is the remainder when 7395766 is divided by 206?
160
Calculate the remainder when 894172 is divided by 46.
24
Calculate the remainder when 8939350 is divided by 525828.
274
Calculate the remainder when 183099 is divided by 2890.
1029
Calculate the remainder when 20597981 is divided by 3463.
57
Calculate the remainder when 198410 is divided by 4163.
2749
Calculate the remainder when 2719733 is divided by 97128.
149
What is the remainder when 1239477 is divided by 357?
330
What is the remainder when 304817 is divided by 15224?
337
What is the remainder when 962314 is divided by 386?
16
What is the remainder when 321411 is divided by 1467?
138
Calculate the remainder when 104478346 is divided by 10.
6
What is the remainder when 45322245 is divided by 913?
12
Calculate the remainder when 61993 is divided by 2680.
353
What is the remainder when 43250456 is divided by 16?
8
Calculate the remainder when 2043502 is divided by 1471.
283
Calculate the remainder when 17965367 is divided by 57.
50
Calculate the remainder when 25447554 is divided by 489376.
2
What is the remainder when 2046465 is divided by 13643?
15
What is the remainder when 64804 is divided by 11909?
5259
Calculate the remainder when 3303718 is divided by 70.
68
Calculate the remainder when 98364617 is divided by 5049.
5048
What is the remainder when 510555239 is divided by 195?
194
What is the remainder when 512635183 is divided by 10195?
10193
Calculate the remainder when 6947598 is divided by 877.
4
Calculate the remainder when 131263 is divided by 492.
391
Calculate the remainder when 363335 is divided by 11123.
7399
Calculate the remainder when 151432 is divided by 29828.
2292
Calculate the remainder when 10004988 is divided by 230.
218
What is the remainder when 2608953 is divided by 23504?
9
Calculate the remainder when 920844 is divided by 8687.
22
Calculate the remainder when 5426568 is divided by 20952.
0
What is the remainder when 10051775 is divided by 81?
80
What is the remainder when 2808353 is divided by 41?
17
What is the remainder when 2359173 is divided by 2769?
2754
Calculate the remainder when 2327428 is divided by 465483.
13
Calculate the remainder when 242790 is divided by 4517.
3389
What is the remainder when 788664 is divided by 4?
0
Calculate the remainder when 206541 is divided by 810.
801
What is the remainder when 8456 is divided by 2297?
1565
What is the remainder when 923324 is divided by 102590?
14
Calculate the remainder when 514413197 is divided by 2380.
2377
What is the remainder when 548731 is divided by 182327?
1750
Calculate the remainder when 66482987 is divided by 2077593.
11
Calculate the remainder when 132127 is divided by 66025.
77
Calculate the remainder when 341412 is divided by 722.
628
Calculate the remainder when 3292459 is divided by 111.
88
Calculate the remainder when 6199024 is divided by 214.
86
What is the remainder when 3099378 is divided by 3703?
3670
What is the remainder when 49646079 is divided by 880?
879
Calculate the remainder when 6328268 is divided by 372251.
1
Calculate the remainder when 2612727 is divided by 435430.
147
What is the remainder when 140312 is divided by 153?
11
Calculate the remainder when 598410 is divided by 10880.
10
What is the remainder when 4970962 is divided by 510?
502
Calculate the remainder when 2428307 is divided by 537.
530
What is the remainder when 11428773 is divided by 98?
13
What is the remainder when 8374390 is divided by 64418?
50
Calculate the remainder when 120532 is divided by 142.
116
What is the remainder when 2775361 is divided by 25?
11
Calculate the remainder when 80452 is divided by 12254.
6928
Calculate the remainder when 2930687 is divided by 128.
127
Calculate the remainder when 6320423 is divided by 1161.
1100
What is the remainder when 11681 is divided by 2309?
136
Calculate the remainder when 128406 is divided by 9058.
1594
What is the remainder when 2276736 is divided by 60?
36
Calculate the remainder when 3651248 is divided by 44.
40
Calculate the remainder when 2592493 is divided by 5774.
5741
What is the remainder when 28716264 is divided by 503?
497
What is the remainder when 39654 is divided by 3638?
3274
Calculate the remainder when 1812735 is di